{"id":32,"date":"2017-10-23T14:17:13","date_gmt":"2017-10-23T14:17:13","guid":{"rendered":"https:\/\/cathojoinville.fr\/selonmarc\/?page_id=32"},"modified":"2020-12-11T15:33:59","modified_gmt":"2020-12-11T14:33:59","slug":"iconographie","status":"publish","type":"page","link":"https:\/\/cathojoinville.fr\/selonmarc\/iconographie\/","title":{"rendered":"Iconographie"},"content":{"rendered":"\n<p style=\"text-align: center;\">Le service <em>Culture \u00a7 Foi<\/em> 52 vous propose de rena\u00eetre d&rsquo;en haut avec des <em>Nativit\u00e9s<\/em> de grands peintres.<\/p>\n<p>\u00ad<\/p>\n<p style=\"text-align: center;\">Pour le troisi\u00e8me dimanche de l&rsquo;Avent nous contemplons la \u00ab\u00a0Madone Sixtine\u00a0\u00bb du divin <strong>RAPHA\u00cbL<\/strong>.<\/p>\n<p>\u00ad<\/p>\n<p style=\"text-align: center;\"><iframe loading=\"lazy\" src=\"\/\/www.youtube.com\/embed\/48idDZ2n80o\" width=\"560\" height=\"314\" allowfullscreen=\"allowfullscreen\"><\/iframe><\/p>\n<p>\u00a0<\/p>\n<p style=\"text-align: center;\">Pour ce deuxi\u00e8me dimanche, nous avons contempl\u00e9 le tableau intitul\u00e9 \u00ab\u00a0Le nouveau-n\u00e9\u00a0\u00bb\u00a0 de Georges de la TOUR avec fr\u00e8re Gr\u00e9goire Laurent-Huyghues-Beaufond<\/p>\n<p>\u00a0<\/p>\n<p style=\"text-align: center;\"><iframe loading=\"lazy\" src=\"\/\/www.youtube.com\/embed\/aJP-8Dia4xs\" width=\"560\" height=\"314\" allowfullscreen=\"allowfullscreen\"><\/iframe><\/p>\n<p>\u00a0<\/p>\n<p style=\"text-align: center;\">Pour le premier dimanche, nous avons contempl\u00e9 ensemble la Nativit\u00e9 de Piero della <strong>FRANCESCA<\/strong><\/p>\n<p style=\"text-align: center;\">\u00a0<\/p>\n<p style=\"text-align: center;\">Pour regarder la vid\u00e9o sur <em>Youtube<\/em>, cliquez <a href=\"https:\/\/www.youtube.com\/watch?v=rNu7uTNN3io\">ici<\/a>.<\/p>\n<p>\u00a0<\/p>\n<p style=\"text-align: center;\"><iframe loading=\"lazy\" src=\"\/\/www.youtube.com\/embed\/rNu7uTNN3io\" width=\"560\" height=\"314\" allowfullscreen=\"allowfullscreen\"><\/iframe><\/p>\n<p>\u00a0<\/p>\n<p style=\"text-align: center;\">La version texte est disponible <a href=\"https:\/\/cathojoinville.fr\/selonmarc\/wp-content\/uploads\/2020\/11\/Nativite-Piero-della-Francesca.docx\" rel=\"noopener noreferrer\">ici<\/a>.<\/p>\n","protected":false},"excerpt":{"rendered":"<p>Le service Culture \u00a7 Foi 52 vous propose de rena\u00eetre d&rsquo;en haut avec des Nativit\u00e9s de grands peintres. \u00ad Pour le troisi\u00e8me dimanche de l&rsquo;Avent nous contemplons la \u00ab\u00a0Madone Sixtine\u00a0\u00bb du divin RAPHA\u00cbL. \u00ad \u00a0 Pour ce deuxi\u00e8me dimanche, nous &hellip; <a href=\"https:\/\/cathojoinville.fr\/selonmarc\/iconographie\/\">Continuer la lecture <span class=\"meta-nav\">&rarr;<\/span><\/a><\/p>\n","protected":false},"author":2,"featured_media":0,"parent":0,"menu_order":0,"comment_status":"closed","ping_status":"closed","template":"","meta":{"footnotes":""},"class_list":["post-32","page","type-page","status-publish","hentry"],"yoast_head":"<!-- This site is optimized with the Yoast SEO plugin v27.5 - https:\/\/yoast.com\/product\/yoast-seo-wordpress\/ -->\n<title>Iconographie - Selon Marc<\/title>\n<meta name=\"robots\" content=\"index, follow, max-snippet:-1, max-image-preview:large, max-video-preview:-1\" \/>\n<link rel=\"canonical\" href=\"https:\/\/cathojoinville.fr\/selonmarc\/iconographie\/\" \/>\n<meta property=\"og:locale\" content=\"fr_FR\" \/>\n<meta property=\"og:type\" content=\"article\" \/>\n<meta property=\"og:title\" content=\"Iconographie - Selon Marc\" \/>\n<meta property=\"og:description\" content=\"Le service Culture \u00a7 Foi 52 vous propose de rena\u00eetre d&rsquo;en haut avec des Nativit\u00e9s de grands peintres. \u00ad Pour le troisi\u00e8me dimanche de l&rsquo;Avent nous contemplons la \u00ab\u00a0Madone Sixtine\u00a0\u00bb du divin RAPHA\u00cbL. \u00ad \u00a0 Pour ce deuxi\u00e8me dimanche, nous &hellip; Continuer la lecture &rarr;\" \/>\n<meta property=\"og:url\" content=\"https:\/\/cathojoinville.fr\/selonmarc\/iconographie\/\" \/>\n<meta property=\"og:site_name\" content=\"Selon Marc\" \/>\n<meta property=\"article:modified_time\" content=\"2020-12-11T14:33:59+00:00\" \/>\n<meta name=\"twitter:card\" content=\"summary_large_image\" \/>\n<script type=\"application\/ld+json\" class=\"yoast-schema-graph\">{\"@context\":\"https:\\\/\\\/schema.org\",\"@graph\":[{\"@type\":\"WebPage\",\"@id\":\"https:\\\/\\\/cathojoinville.fr\\\/selonmarc\\\/iconographie\\\/\",\"url\":\"https:\\\/\\\/cathojoinville.fr\\\/selonmarc\\\/iconographie\\\/\",\"name\":\"Iconographie - Selon Marc\",\"isPartOf\":{\"@id\":\"https:\\\/\\\/cathojoinville.fr\\\/selonmarc\\\/#website\"},\"datePublished\":\"2017-10-23T14:17:13+00:00\",\"dateModified\":\"2020-12-11T14:33:59+00:00\",\"breadcrumb\":{\"@id\":\"https:\\\/\\\/cathojoinville.fr\\\/selonmarc\\\/iconographie\\\/#breadcrumb\"},\"inLanguage\":\"fr-FR\",\"potentialAction\":[{\"@type\":\"ReadAction\",\"target\":[\"https:\\\/\\\/cathojoinville.fr\\\/selonmarc\\\/iconographie\\\/\"]}]},{\"@type\":\"BreadcrumbList\",\"@id\":\"https:\\\/\\\/cathojoinville.fr\\\/selonmarc\\\/iconographie\\\/#breadcrumb\",\"itemListElement\":[{\"@type\":\"ListItem\",\"position\":1,\"name\":\"Accueil\",\"item\":\"https:\\\/\\\/cathojoinville.fr\\\/selonmarc\\\/\"},{\"@type\":\"ListItem\",\"position\":2,\"name\":\"Iconographie\"}]},{\"@type\":\"WebSite\",\"@id\":\"https:\\\/\\\/cathojoinville.fr\\\/selonmarc\\\/#website\",\"url\":\"https:\\\/\\\/cathojoinville.fr\\\/selonmarc\\\/\",\"name\":\"Selon Marc\",\"description\":\"L&#039;exp\u00e9rience bouleversante de l&#039;Evangile\",\"publisher\":{\"@id\":\"https:\\\/\\\/cathojoinville.fr\\\/selonmarc\\\/#organization\"},\"potentialAction\":[{\"@type\":\"SearchAction\",\"target\":{\"@type\":\"EntryPoint\",\"urlTemplate\":\"https:\\\/\\\/cathojoinville.fr\\\/selonmarc\\\/?s={search_term_string}\"},\"query-input\":{\"@type\":\"PropertyValueSpecification\",\"valueRequired\":true,\"valueName\":\"search_term_string\"}}],\"inLanguage\":\"fr-FR\"},{\"@type\":\"Organization\",\"@id\":\"https:\\\/\\\/cathojoinville.fr\\\/selonmarc\\\/#organization\",\"name\":\"Dioc\u00e8se de Langres\",\"url\":\"https:\\\/\\\/cathojoinville.fr\\\/selonmarc\\\/\",\"logo\":{\"@type\":\"ImageObject\",\"inLanguage\":\"fr-FR\",\"@id\":\"https:\\\/\\\/cathojoinville.fr\\\/selonmarc\\\/#\\\/schema\\\/logo\\\/image\\\/\",\"url\":\"https:\\\/\\\/cathojoinville.fr\\\/selonmarc\\\/wp-content\\\/uploads\\\/2018\\\/03\\\/logo-de-la-mission.jpg\",\"contentUrl\":\"https:\\\/\\\/cathojoinville.fr\\\/selonmarc\\\/wp-content\\\/uploads\\\/2018\\\/03\\\/logo-de-la-mission.jpg\",\"width\":592,\"height\":496,\"caption\":\"Dioc\u00e8se de Langres\"},\"image\":{\"@id\":\"https:\\\/\\\/cathojoinville.fr\\\/selonmarc\\\/#\\\/schema\\\/logo\\\/image\\\/\"}}]}<\/script>\n<!-- \/ Yoast SEO plugin. -->","yoast_head_json":{"title":"Iconographie - Selon Marc","robots":{"index":"index","follow":"follow","max-snippet":"max-snippet:-1","max-image-preview":"max-image-preview:large","max-video-preview":"max-video-preview:-1"},"canonical":"https:\/\/cathojoinville.fr\/selonmarc\/iconographie\/","og_locale":"fr_FR","og_type":"article","og_title":"Iconographie - Selon Marc","og_description":"Le service Culture \u00a7 Foi 52 vous propose de rena\u00eetre d&rsquo;en haut avec des Nativit\u00e9s de grands peintres. \u00ad Pour le troisi\u00e8me dimanche de l&rsquo;Avent nous contemplons la \u00ab\u00a0Madone Sixtine\u00a0\u00bb du divin RAPHA\u00cbL. \u00ad \u00a0 Pour ce deuxi\u00e8me dimanche, nous &hellip; Continuer la lecture &rarr;","og_url":"https:\/\/cathojoinville.fr\/selonmarc\/iconographie\/","og_site_name":"Selon Marc","article_modified_time":"2020-12-11T14:33:59+00:00","twitter_card":"summary_large_image","schema":{"@context":"https:\/\/schema.org","@graph":[{"@type":"WebPage","@id":"https:\/\/cathojoinville.fr\/selonmarc\/iconographie\/","url":"https:\/\/cathojoinville.fr\/selonmarc\/iconographie\/","name":"Iconographie - Selon Marc","isPartOf":{"@id":"https:\/\/cathojoinville.fr\/selonmarc\/#website"},"datePublished":"2017-10-23T14:17:13+00:00","dateModified":"2020-12-11T14:33:59+00:00","breadcrumb":{"@id":"https:\/\/cathojoinville.fr\/selonmarc\/iconographie\/#breadcrumb"},"inLanguage":"fr-FR","potentialAction":[{"@type":"ReadAction","target":["https:\/\/cathojoinville.fr\/selonmarc\/iconographie\/"]}]},{"@type":"BreadcrumbList","@id":"https:\/\/cathojoinville.fr\/selonmarc\/iconographie\/#breadcrumb","itemListElement":[{"@type":"ListItem","position":1,"name":"Accueil","item":"https:\/\/cathojoinville.fr\/selonmarc\/"},{"@type":"ListItem","position":2,"name":"Iconographie"}]},{"@type":"WebSite","@id":"https:\/\/cathojoinville.fr\/selonmarc\/#website","url":"https:\/\/cathojoinville.fr\/selonmarc\/","name":"Selon Marc","description":"L&#039;exp\u00e9rience bouleversante de l&#039;Evangile","publisher":{"@id":"https:\/\/cathojoinville.fr\/selonmarc\/#organization"},"potentialAction":[{"@type":"SearchAction","target":{"@type":"EntryPoint","urlTemplate":"https:\/\/cathojoinville.fr\/selonmarc\/?s={search_term_string}"},"query-input":{"@type":"PropertyValueSpecification","valueRequired":true,"valueName":"search_term_string"}}],"inLanguage":"fr-FR"},{"@type":"Organization","@id":"https:\/\/cathojoinville.fr\/selonmarc\/#organization","name":"Dioc\u00e8se de Langres","url":"https:\/\/cathojoinville.fr\/selonmarc\/","logo":{"@type":"ImageObject","inLanguage":"fr-FR","@id":"https:\/\/cathojoinville.fr\/selonmarc\/#\/schema\/logo\/image\/","url":"https:\/\/cathojoinville.fr\/selonmarc\/wp-content\/uploads\/2018\/03\/logo-de-la-mission.jpg","contentUrl":"https:\/\/cathojoinville.fr\/selonmarc\/wp-content\/uploads\/2018\/03\/logo-de-la-mission.jpg","width":592,"height":496,"caption":"Dioc\u00e8se de Langres"},"image":{"@id":"https:\/\/cathojoinville.fr\/selonmarc\/#\/schema\/logo\/image\/"}}]}},"_links":{"self":[{"href":"https:\/\/cathojoinville.fr\/selonmarc\/wp-json\/wp\/v2\/pages\/32","targetHints":{"allow":["GET"]}}],"collection":[{"href":"https:\/\/cathojoinville.fr\/selonmarc\/wp-json\/wp\/v2\/pages"}],"about":[{"href":"https:\/\/cathojoinville.fr\/selonmarc\/wp-json\/wp\/v2\/types\/page"}],"author":[{"embeddable":true,"href":"https:\/\/cathojoinville.fr\/selonmarc\/wp-json\/wp\/v2\/users\/2"}],"replies":[{"embeddable":true,"href":"https:\/\/cathojoinville.fr\/selonmarc\/wp-json\/wp\/v2\/comments?post=32"}],"version-history":[{"count":17,"href":"https:\/\/cathojoinville.fr\/selonmarc\/wp-json\/wp\/v2\/pages\/32\/revisions"}],"predecessor-version":[{"id":548,"href":"https:\/\/cathojoinville.fr\/selonmarc\/wp-json\/wp\/v2\/pages\/32\/revisions\/548"}],"wp:attachment":[{"href":"https:\/\/cathojoinville.fr\/selonmarc\/wp-json\/wp\/v2\/media?parent=32"}],"curies":[{"name":"wp","href":"https:\/\/api.w.org\/{rel}","templated":true}]}}

<p style="text-align: center;">Le service <em>Culture § Foi</em> 52 vous propose de renaître d&rsquo;en haut avec des <em>Nativités</em> de grands peintres.</p>
<p>­</p>
<p style="text-align: center;">Pour le troisième dimanche de l&rsquo;Avent nous contemplons la « Madone Sixtine » du divin <strong>RAPHAËL</strong>.</p>
<p>­</p>
<p style="text-align: center;"><iframe loading="lazy" src="//www.youtube.com/embed/48idDZ2n80o" width="560" height="314" allowfullscreen="allowfullscreen"></iframe></p>
<p> </p>
<p style="text-align: center;">Pour ce deuxième dimanche, nous avons contemplé le tableau intitulé « Le nouveau-né »  de Georges de la TOUR avec frère Grégoire Laurent-Huyghues-Beaufond</p>
<p> </p>
<p style="text-align: center;"><iframe loading="lazy" src="//www.youtube.com/embed/aJP-8Dia4xs" width="560" height="314" allowfullscreen="allowfullscreen"></iframe></p>
<p> </p>
<p style="text-align: center;">Pour le premier dimanche, nous avons contemplé ensemble la Nativité de Piero della <strong>FRANCESCA</strong></p>
<p style="text-align: center;"> </p>
<p style="text-align: center;">Pour regarder la vidéo sur <em>Youtube</em>, cliquez <a href="https://www.youtube.com/watch?v=rNu7uTNN3io">ici</a>.</p>
<p> </p>
<p style="text-align: center;"><iframe loading="lazy" src="//www.youtube.com/embed/rNu7uTNN3io" width="560" height="314" allowfullscreen="allowfullscreen"></iframe></p>
<p> </p>
<p style="text-align: center;">La version texte est disponible <a href="https://cathojoinville.fr/selonmarc/wp-content/uploads/2020/11/Nativite-Piero-della-Francesca.docx" rel="noopener noreferrer">ici</a>.</p>

<p>Le service Culture § Foi 52 vous propose de renaître d&rsquo;en haut avec des Nativités de grands peintres. ­ Pour le troisième dimanche de l&rsquo;Avent nous contemplons la « Madone Sixtine » du divin RAPHAËL. ­   Pour ce deuxième dimanche, nous &hellip; <a href="https://cathojoinville.fr/selonmarc/iconographie/">Continuer la lecture <span class="meta-nav">&rarr;</span></a></p>

<!-- This site is optimized with the Yoast SEO plugin v27.5 - https://yoast.com/product/yoast-seo-wordpress/ -->
<title>Iconographie - Selon Marc</title>
<meta name="robots" content="index, follow, max-snippet:-1, max-image-preview:large, max-video-preview:-1" />
<link rel="canonical" href="https://cathojoinville.fr/selonmarc/iconographie/" />
<meta property="og:locale" content="fr_FR" />
<meta property="og:type" content="article" />
<meta property="og:title" content="Iconographie - Selon Marc" />
<meta property="og:description" content="Le service Culture § Foi 52 vous propose de renaître d&rsquo;en haut avec des Nativités de grands peintres. ­ Pour le troisième dimanche de l&rsquo;Avent nous contemplons la « Madone Sixtine » du divin RAPHAËL. ­   Pour ce deuxième dimanche, nous &hellip; Continuer la lecture &rarr;" />
<meta property="og:url" content="https://cathojoinville.fr/selonmarc/iconographie/" />
<meta property="og:site_name" content="Selon Marc" />
<meta property="article:modified_time" content="2020-12-11T14:33:59+00:00" />
<meta name="twitter:card" content="summary_large_image" />
<script type="application/ld+json" class="yoast-schema-graph">{"@context":"https:\/\/schema.org","@graph":[{"@type":"WebPage","@id":"https:\/\/cathojoinville.fr\/selonmarc\/iconographie\/","url":"https:\/\/cathojoinville.fr\/selonmarc\/iconographie\/","name":"Iconographie - Selon Marc","isPartOf":{"@id":"https:\/\/cathojoinville.fr\/selonmarc\/#website"},"datePublished":"2017-10-23T14:17:13+00:00","dateModified":"2020-12-11T14:33:59+00:00","breadcrumb":{"@id":"https:\/\/cathojoinville.fr\/selonmarc\/iconographie\/#breadcrumb"},"inLanguage":"fr-FR","potentialAction":[{"@type":"ReadAction","target":["https:\/\/cathojoinville.fr\/selonmarc\/iconographie\/"]}]},{"@type":"BreadcrumbList","@id":"https:\/\/cathojoinville.fr\/selonmarc\/iconographie\/#breadcrumb","itemListElement":[{"@type":"ListItem","position":1,"name":"Accueil","item":"https:\/\/cathojoinville.fr\/selonmarc\/"},{"@type":"ListItem","position":2,"name":"Iconographie"}]},{"@type":"WebSite","@id":"https:\/\/cathojoinville.fr\/selonmarc\/#website","url":"https:\/\/cathojoinville.fr\/selonmarc\/","name":"Selon Marc","description":"L&#039;expérience bouleversante de l&#039;Evangile","publisher":{"@id":"https:\/\/cathojoinville.fr\/selonmarc\/#organization"},"potentialAction":[{"@type":"SearchAction","target":{"@type":"EntryPoint","urlTemplate":"https:\/\/cathojoinville.fr\/selonmarc\/?s={search_term_string}"},"query-input":{"@type":"PropertyValueSpecification","valueRequired":true,"valueName":"search_term_string"}}],"inLanguage":"fr-FR"},{"@type":"Organization","@id":"https:\/\/cathojoinville.fr\/selonmarc\/#organization","name":"Diocèse de Langres","url":"https:\/\/cathojoinville.fr\/selonmarc\/","logo":{"@type":"ImageObject","inLanguage":"fr-FR","@id":"https:\/\/cathojoinville.fr\/selonmarc\/#\/schema\/logo\/image\/","url":"https:\/\/cathojoinville.fr\/selonmarc\/wp-content\/uploads\/2018\/03\/logo-de-la-mission.jpg","contentUrl":"https:\/\/cathojoinville.fr\/selonmarc\/wp-content\/uploads\/2018\/03\/logo-de-la-mission.jpg","width":592,"height":496,"caption":"Diocèse de Langres"},"image":{"@id":"https:\/\/cathojoinville.fr\/selonmarc\/#\/schema\/logo\/image\/"}}]}</script>
<!-- / Yoast SEO plugin. -->

Le service Culture § Foi 52 vous propose de renaître d&rsquo;en haut avec des Nativités de grands peintres. ­ Pour le troisième dimanche de l&rsquo;Avent nous contemplons la « Madone Sixtine » du divin RAPHAËL. ­   Pour ce deuxième dimanche, nous &hellip; Continuer la lecture &rarr;

L&#039;expérience bouleversante de l&#039;Evangile

Diocèse de Langres
