{"id":261,"date":"2017-12-01T17:58:10","date_gmt":"2017-12-01T16:58:10","guid":{"rendered":"https:\/\/cathojoinville.fr\/selonmarc\/?page_id=261"},"modified":"2017-12-01T17:58:10","modified_gmt":"2017-12-01T16:58:10","slug":"nous-contacter","status":"publish","type":"page","link":"https:\/\/cathojoinville.fr\/selonmarc\/nous-contacter\/","title":{"rendered":"Nous contacter"},"content":{"rendered":"<p><span style=\"color: #800000;\"><strong>Une question, une remarque ? Le formulaire ci-dessous est \u00e0 votre disposition afin de nous contacter.<\/strong><\/span><\/p>\n<p>&nbsp;<\/p>\n<p><img loading=\"lazy\" decoding=\"async\" class=\"aligncenter wp-image-263 size-medium\" src=\"https:\/\/cathojoinville.fr\/selonmarc\/wp-content\/uploads\/2017\/12\/Saint-Jean-\u00e9crivant-e1512147357683-300x140.jpg\" alt=\"Photo de saint Jean \u00e9crivant - D\u00e9tail\" width=\"300\" height=\"140\" srcset=\"https:\/\/cathojoinville.fr\/selonmarc\/wp-content\/uploads\/2017\/12\/Saint-Jean-\u00e9crivant-e1512147357683-300x140.jpg 300w, https:\/\/cathojoinville.fr\/selonmarc\/wp-content\/uploads\/2017\/12\/Saint-Jean-\u00e9crivant-e1512147357683-500x233.jpg 500w, https:\/\/cathojoinville.fr\/selonmarc\/wp-content\/uploads\/2017\/12\/Saint-Jean-\u00e9crivant-e1512147357683.jpg 542w\" sizes=\"auto, (max-width: 300px) 100vw, 300px\" \/><\/p>\n<p>&nbsp;<\/p>\n<p>Merci de bien compl\u00e9ter tous les champs.<\/p>\n<p>&nbsp;<\/p>\n<p class=\"wpcf7-contact-form-not-found\"><strong>Erreur\u00a0:<\/strong> Formulaire de contact non trouv\u00e9\u00a0!<\/p>\n","protected":false},"excerpt":{"rendered":"<p>Une question, une remarque ? Le formulaire ci-dessous est \u00e0 votre disposition afin de nous contacter. &nbsp; &nbsp; Merci de bien compl\u00e9ter tous les champs. &nbsp;<\/p>\n","protected":false},"author":1,"featured_media":0,"parent":0,"menu_order":0,"comment_status":"closed","ping_status":"closed","template":"","meta":{"footnotes":""},"class_list":["post-261","page","type-page","status-publish","hentry"],"yoast_head":"<!-- This site is optimized with the Yoast SEO plugin v27.5 - https:\/\/yoast.com\/product\/yoast-seo-wordpress\/ -->\n<title>Nous contacter - Selon Marc<\/title>\n<meta name=\"description\" content=\"Notre blog sur l\u2019\u00c9vangile selon saint Marc vous a int\u00e9ress\u00e9 ? Vous souhaitez nous contacter \u00e0 ce sujet ? Ce formulaire est \u00e0 votre disposition.\" \/>\n<meta name=\"robots\" content=\"index, follow, max-snippet:-1, max-image-preview:large, max-video-preview:-1\" \/>\n<link rel=\"canonical\" href=\"https:\/\/cathojoinville.fr\/selonmarc\/nous-contacter\/\" \/>\n<meta property=\"og:locale\" content=\"fr_FR\" \/>\n<meta property=\"og:type\" content=\"article\" \/>\n<meta property=\"og:title\" content=\"Nous contacter - Selon Marc\" \/>\n<meta property=\"og:description\" content=\"Notre blog sur l\u2019\u00c9vangile selon saint Marc vous a int\u00e9ress\u00e9 ? Vous souhaitez nous contacter \u00e0 ce sujet ? Ce formulaire est \u00e0 votre disposition.\" \/>\n<meta property=\"og:url\" content=\"https:\/\/cathojoinville.fr\/selonmarc\/nous-contacter\/\" \/>\n<meta property=\"og:site_name\" content=\"Selon Marc\" \/>\n<meta property=\"og:image\" content=\"https:\/\/cathojoinville.fr\/selonmarc\/wp-content\/uploads\/2017\/12\/Saint-Jean-\u00e9crivant-e1512147357683-300x140.jpg\" \/>\n<meta name=\"twitter:card\" content=\"summary_large_image\" \/>\n<script type=\"application\/ld+json\" class=\"yoast-schema-graph\">{\"@context\":\"https:\\\/\\\/schema.org\",\"@graph\":[{\"@type\":\"WebPage\",\"@id\":\"https:\\\/\\\/cathojoinville.fr\\\/selonmarc\\\/nous-contacter\\\/\",\"url\":\"https:\\\/\\\/cathojoinville.fr\\\/selonmarc\\\/nous-contacter\\\/\",\"name\":\"Nous contacter - Selon Marc\",\"isPartOf\":{\"@id\":\"https:\\\/\\\/cathojoinville.fr\\\/selonmarc\\\/#website\"},\"datePublished\":\"2017-12-01T16:58:10+00:00\",\"description\":\"Notre blog sur l\u2019\u00c9vangile selon saint Marc vous a int\u00e9ress\u00e9 ? Vous souhaitez nous contacter \u00e0 ce sujet ? Ce formulaire est \u00e0 votre disposition.\",\"breadcrumb\":{\"@id\":\"https:\\\/\\\/cathojoinville.fr\\\/selonmarc\\\/nous-contacter\\\/#breadcrumb\"},\"inLanguage\":\"fr-FR\",\"potentialAction\":[{\"@type\":\"ReadAction\",\"target\":[\"https:\\\/\\\/cathojoinville.fr\\\/selonmarc\\\/nous-contacter\\\/\"]}]},{\"@type\":\"BreadcrumbList\",\"@id\":\"https:\\\/\\\/cathojoinville.fr\\\/selonmarc\\\/nous-contacter\\\/#breadcrumb\",\"itemListElement\":[{\"@type\":\"ListItem\",\"position\":1,\"name\":\"Accueil\",\"item\":\"https:\\\/\\\/cathojoinville.fr\\\/selonmarc\\\/\"},{\"@type\":\"ListItem\",\"position\":2,\"name\":\"Nous contacter\"}]},{\"@type\":\"WebSite\",\"@id\":\"https:\\\/\\\/cathojoinville.fr\\\/selonmarc\\\/#website\",\"url\":\"https:\\\/\\\/cathojoinville.fr\\\/selonmarc\\\/\",\"name\":\"Selon Marc\",\"description\":\"L&#039;exp\u00e9rience bouleversante de l&#039;Evangile\",\"publisher\":{\"@id\":\"https:\\\/\\\/cathojoinville.fr\\\/selonmarc\\\/#organization\"},\"potentialAction\":[{\"@type\":\"SearchAction\",\"target\":{\"@type\":\"EntryPoint\",\"urlTemplate\":\"https:\\\/\\\/cathojoinville.fr\\\/selonmarc\\\/?s={search_term_string}\"},\"query-input\":{\"@type\":\"PropertyValueSpecification\",\"valueRequired\":true,\"valueName\":\"search_term_string\"}}],\"inLanguage\":\"fr-FR\"},{\"@type\":\"Organization\",\"@id\":\"https:\\\/\\\/cathojoinville.fr\\\/selonmarc\\\/#organization\",\"name\":\"Dioc\u00e8se de Langres\",\"url\":\"https:\\\/\\\/cathojoinville.fr\\\/selonmarc\\\/\",\"logo\":{\"@type\":\"ImageObject\",\"inLanguage\":\"fr-FR\",\"@id\":\"https:\\\/\\\/cathojoinville.fr\\\/selonmarc\\\/#\\\/schema\\\/logo\\\/image\\\/\",\"url\":\"https:\\\/\\\/cathojoinville.fr\\\/selonmarc\\\/wp-content\\\/uploads\\\/2018\\\/03\\\/logo-de-la-mission.jpg\",\"contentUrl\":\"https:\\\/\\\/cathojoinville.fr\\\/selonmarc\\\/wp-content\\\/uploads\\\/2018\\\/03\\\/logo-de-la-mission.jpg\",\"width\":592,\"height\":496,\"caption\":\"Dioc\u00e8se de Langres\"},\"image\":{\"@id\":\"https:\\\/\\\/cathojoinville.fr\\\/selonmarc\\\/#\\\/schema\\\/logo\\\/image\\\/\"}}]}<\/script>\n<!-- \/ Yoast SEO plugin. -->","yoast_head_json":{"title":"Nous contacter - Selon Marc","description":"Notre blog sur l\u2019\u00c9vangile selon saint Marc vous a int\u00e9ress\u00e9 ? Vous souhaitez nous contacter \u00e0 ce sujet ? Ce formulaire est \u00e0 votre disposition.","robots":{"index":"index","follow":"follow","max-snippet":"max-snippet:-1","max-image-preview":"max-image-preview:large","max-video-preview":"max-video-preview:-1"},"canonical":"https:\/\/cathojoinville.fr\/selonmarc\/nous-contacter\/","og_locale":"fr_FR","og_type":"article","og_title":"Nous contacter - Selon Marc","og_description":"Notre blog sur l\u2019\u00c9vangile selon saint Marc vous a int\u00e9ress\u00e9 ? Vous souhaitez nous contacter \u00e0 ce sujet ? Ce formulaire est \u00e0 votre disposition.","og_url":"https:\/\/cathojoinville.fr\/selonmarc\/nous-contacter\/","og_site_name":"Selon Marc","og_image":[{"url":"https:\/\/cathojoinville.fr\/selonmarc\/wp-content\/uploads\/2017\/12\/Saint-Jean-\u00e9crivant-e1512147357683-300x140.jpg","type":"","width":"","height":""}],"twitter_card":"summary_large_image","schema":{"@context":"https:\/\/schema.org","@graph":[{"@type":"WebPage","@id":"https:\/\/cathojoinville.fr\/selonmarc\/nous-contacter\/","url":"https:\/\/cathojoinville.fr\/selonmarc\/nous-contacter\/","name":"Nous contacter - Selon Marc","isPartOf":{"@id":"https:\/\/cathojoinville.fr\/selonmarc\/#website"},"datePublished":"2017-12-01T16:58:10+00:00","description":"Notre blog sur l\u2019\u00c9vangile selon saint Marc vous a int\u00e9ress\u00e9 ? Vous souhaitez nous contacter \u00e0 ce sujet ? Ce formulaire est \u00e0 votre disposition.","breadcrumb":{"@id":"https:\/\/cathojoinville.fr\/selonmarc\/nous-contacter\/#breadcrumb"},"inLanguage":"fr-FR","potentialAction":[{"@type":"ReadAction","target":["https:\/\/cathojoinville.fr\/selonmarc\/nous-contacter\/"]}]},{"@type":"BreadcrumbList","@id":"https:\/\/cathojoinville.fr\/selonmarc\/nous-contacter\/#breadcrumb","itemListElement":[{"@type":"ListItem","position":1,"name":"Accueil","item":"https:\/\/cathojoinville.fr\/selonmarc\/"},{"@type":"ListItem","position":2,"name":"Nous contacter"}]},{"@type":"WebSite","@id":"https:\/\/cathojoinville.fr\/selonmarc\/#website","url":"https:\/\/cathojoinville.fr\/selonmarc\/","name":"Selon Marc","description":"L&#039;exp\u00e9rience bouleversante de l&#039;Evangile","publisher":{"@id":"https:\/\/cathojoinville.fr\/selonmarc\/#organization"},"potentialAction":[{"@type":"SearchAction","target":{"@type":"EntryPoint","urlTemplate":"https:\/\/cathojoinville.fr\/selonmarc\/?s={search_term_string}"},"query-input":{"@type":"PropertyValueSpecification","valueRequired":true,"valueName":"search_term_string"}}],"inLanguage":"fr-FR"},{"@type":"Organization","@id":"https:\/\/cathojoinville.fr\/selonmarc\/#organization","name":"Dioc\u00e8se de Langres","url":"https:\/\/cathojoinville.fr\/selonmarc\/","logo":{"@type":"ImageObject","inLanguage":"fr-FR","@id":"https:\/\/cathojoinville.fr\/selonmarc\/#\/schema\/logo\/image\/","url":"https:\/\/cathojoinville.fr\/selonmarc\/wp-content\/uploads\/2018\/03\/logo-de-la-mission.jpg","contentUrl":"https:\/\/cathojoinville.fr\/selonmarc\/wp-content\/uploads\/2018\/03\/logo-de-la-mission.jpg","width":592,"height":496,"caption":"Dioc\u00e8se de Langres"},"image":{"@id":"https:\/\/cathojoinville.fr\/selonmarc\/#\/schema\/logo\/image\/"}}]}},"_links":{"self":[{"href":"https:\/\/cathojoinville.fr\/selonmarc\/wp-json\/wp\/v2\/pages\/261","targetHints":{"allow":["GET"]}}],"collection":[{"href":"https:\/\/cathojoinville.fr\/selonmarc\/wp-json\/wp\/v2\/pages"}],"about":[{"href":"https:\/\/cathojoinville.fr\/selonmarc\/wp-json\/wp\/v2\/types\/page"}],"author":[{"embeddable":true,"href":"https:\/\/cathojoinville.fr\/selonmarc\/wp-json\/wp\/v2\/users\/1"}],"replies":[{"embeddable":true,"href":"https:\/\/cathojoinville.fr\/selonmarc\/wp-json\/wp\/v2\/comments?post=261"}],"version-history":[{"count":3,"href":"https:\/\/cathojoinville.fr\/selonmarc\/wp-json\/wp\/v2\/pages\/261\/revisions"}],"predecessor-version":[{"id":265,"href":"https:\/\/cathojoinville.fr\/selonmarc\/wp-json\/wp\/v2\/pages\/261\/revisions\/265"}],"wp:attachment":[{"href":"https:\/\/cathojoinville.fr\/selonmarc\/wp-json\/wp\/v2\/media?parent=261"}],"curies":[{"name":"wp","href":"https:\/\/api.w.org\/{rel}","templated":true}]}}

<p><span style="color: #800000;"><strong>Une question, une remarque ? Le formulaire ci-dessous est à votre disposition afin de nous contacter.</strong></span></p>
<p>&nbsp;</p>
<p><img loading="lazy" decoding="async" class="aligncenter wp-image-263 size-medium" src="https://cathojoinville.fr/selonmarc/wp-content/uploads/2017/12/Saint-Jean-écrivant-e1512147357683-300x140.jpg" alt="Photo de saint Jean écrivant - Détail" width="300" height="140" srcset="https://cathojoinville.fr/selonmarc/wp-content/uploads/2017/12/Saint-Jean-écrivant-e1512147357683-300x140.jpg 300w, https://cathojoinville.fr/selonmarc/wp-content/uploads/2017/12/Saint-Jean-écrivant-e1512147357683-500x233.jpg 500w, https://cathojoinville.fr/selonmarc/wp-content/uploads/2017/12/Saint-Jean-écrivant-e1512147357683.jpg 542w" sizes="auto, (max-width: 300px) 100vw, 300px" /></p>
<p>&nbsp;</p>
<p>Merci de bien compléter tous les champs.</p>
<p>&nbsp;</p>
<p class="wpcf7-contact-form-not-found"><strong>Erreur :</strong> Formulaire de contact non trouvé !</p>

<p>Une question, une remarque ? Le formulaire ci-dessous est à votre disposition afin de nous contacter. &nbsp; &nbsp; Merci de bien compléter tous les champs. &nbsp;</p>

<!-- This site is optimized with the Yoast SEO plugin v27.5 - https://yoast.com/product/yoast-seo-wordpress/ -->
<title>Nous contacter - Selon Marc</title>
<meta name="description" content="Notre blog sur l’Évangile selon saint Marc vous a intéressé ? Vous souhaitez nous contacter à ce sujet ? Ce formulaire est à votre disposition." />
<meta name="robots" content="index, follow, max-snippet:-1, max-image-preview:large, max-video-preview:-1" />
<link rel="canonical" href="https://cathojoinville.fr/selonmarc/nous-contacter/" />
<meta property="og:locale" content="fr_FR" />
<meta property="og:type" content="article" />
<meta property="og:title" content="Nous contacter - Selon Marc" />
<meta property="og:description" content="Notre blog sur l’Évangile selon saint Marc vous a intéressé ? Vous souhaitez nous contacter à ce sujet ? Ce formulaire est à votre disposition." />
<meta property="og:url" content="https://cathojoinville.fr/selonmarc/nous-contacter/" />
<meta property="og:site_name" content="Selon Marc" />
<meta property="og:image" content="https://cathojoinville.fr/selonmarc/wp-content/uploads/2017/12/Saint-Jean-écrivant-e1512147357683-300x140.jpg" />
<meta name="twitter:card" content="summary_large_image" />
<script type="application/ld+json" class="yoast-schema-graph">{"@context":"https:\/\/schema.org","@graph":[{"@type":"WebPage","@id":"https:\/\/cathojoinville.fr\/selonmarc\/nous-contacter\/","url":"https:\/\/cathojoinville.fr\/selonmarc\/nous-contacter\/","name":"Nous contacter - Selon Marc","isPartOf":{"@id":"https:\/\/cathojoinville.fr\/selonmarc\/#website"},"datePublished":"2017-12-01T16:58:10+00:00","description":"Notre blog sur l’Évangile selon saint Marc vous a intéressé ? Vous souhaitez nous contacter à ce sujet ? Ce formulaire est à votre disposition.","breadcrumb":{"@id":"https:\/\/cathojoinville.fr\/selonmarc\/nous-contacter\/#breadcrumb"},"inLanguage":"fr-FR","potentialAction":[{"@type":"ReadAction","target":["https:\/\/cathojoinville.fr\/selonmarc\/nous-contacter\/"]}]},{"@type":"BreadcrumbList","@id":"https:\/\/cathojoinville.fr\/selonmarc\/nous-contacter\/#breadcrumb","itemListElement":[{"@type":"ListItem","position":1,"name":"Accueil","item":"https:\/\/cathojoinville.fr\/selonmarc\/"},{"@type":"ListItem","position":2,"name":"Nous contacter"}]},{"@type":"WebSite","@id":"https:\/\/cathojoinville.fr\/selonmarc\/#website","url":"https:\/\/cathojoinville.fr\/selonmarc\/","name":"Selon Marc","description":"L&#039;expérience bouleversante de l&#039;Evangile","publisher":{"@id":"https:\/\/cathojoinville.fr\/selonmarc\/#organization"},"potentialAction":[{"@type":"SearchAction","target":{"@type":"EntryPoint","urlTemplate":"https:\/\/cathojoinville.fr\/selonmarc\/?s={search_term_string}"},"query-input":{"@type":"PropertyValueSpecification","valueRequired":true,"valueName":"search_term_string"}}],"inLanguage":"fr-FR"},{"@type":"Organization","@id":"https:\/\/cathojoinville.fr\/selonmarc\/#organization","name":"Diocèse de Langres","url":"https:\/\/cathojoinville.fr\/selonmarc\/","logo":{"@type":"ImageObject","inLanguage":"fr-FR","@id":"https:\/\/cathojoinville.fr\/selonmarc\/#\/schema\/logo\/image\/","url":"https:\/\/cathojoinville.fr\/selonmarc\/wp-content\/uploads\/2018\/03\/logo-de-la-mission.jpg","contentUrl":"https:\/\/cathojoinville.fr\/selonmarc\/wp-content\/uploads\/2018\/03\/logo-de-la-mission.jpg","width":592,"height":496,"caption":"Diocèse de Langres"},"image":{"@id":"https:\/\/cathojoinville.fr\/selonmarc\/#\/schema\/logo\/image\/"}}]}</script>
<!-- / Yoast SEO plugin. -->

Notre blog sur l’Évangile selon saint Marc vous a intéressé ? Vous souhaitez nous contacter à ce sujet ? Ce formulaire est à votre disposition.

https://cathojoinville.fr/selonmarc/wp-content/uploads/2017/12/Saint-Jean-écrivant-e1512147357683-300x140.jpg

L&#039;expérience bouleversante de l&#039;Evangile

Diocèse de Langres
