{"id":8,"date":"2018-02-09T13:34:47","date_gmt":"2018-02-09T13:34:47","guid":{"rendered":"https:\/\/cathojoinville.fr\/adio52\/?page_id=8"},"modified":"2018-02-09T13:37:20","modified_gmt":"2018-02-09T13:37:20","slug":"etat-des-fonds","status":"publish","type":"page","link":"https:\/\/cathojoinville.fr\/adio52\/etat-des-fonds\/","title":{"rendered":"\u00e9tat des fonds"},"content":{"rendered":"<p>Pr\u00e9sentation sommaire des fonds (en cours)<\/p>\n","protected":false},"excerpt":{"rendered":"<p>Pr\u00e9sentation sommaire des fonds (en cours)<\/p>\n","protected":false},"author":2,"featured_media":0,"parent":0,"menu_order":0,"comment_status":"closed","ping_status":"closed","template":"","meta":{"footnotes":""},"class_list":["post-8","page","type-page","status-publish","hentry"],"yoast_head":"<!-- This site is optimized with the Yoast SEO plugin v27.3 - https:\/\/yoast.com\/product\/yoast-seo-wordpress\/ -->\n<title>\u00e9tat des fonds - Archives dioc\u00e9saines<\/title>\n<meta name=\"robots\" content=\"index, follow, max-snippet:-1, max-image-preview:large, max-video-preview:-1\" \/>\n<link rel=\"canonical\" href=\"https:\/\/cathojoinville.fr\/adio52\/etat-des-fonds\/\" \/>\n<meta property=\"og:locale\" content=\"fr_FR\" \/>\n<meta property=\"og:type\" content=\"article\" \/>\n<meta property=\"og:title\" content=\"\u00e9tat des fonds - Archives dioc\u00e9saines\" \/>\n<meta property=\"og:description\" content=\"Pr\u00e9sentation sommaire des fonds (en cours)\" \/>\n<meta property=\"og:url\" content=\"https:\/\/cathojoinville.fr\/adio52\/etat-des-fonds\/\" \/>\n<meta property=\"og:site_name\" content=\"Archives dioc\u00e9saines\" \/>\n<meta property=\"article:modified_time\" content=\"2018-02-09T13:37:20+00:00\" \/>\n<meta name=\"twitter:card\" content=\"summary_large_image\" \/>\n<script type=\"application\/ld+json\" class=\"yoast-schema-graph\">{\"@context\":\"https:\\\/\\\/schema.org\",\"@graph\":[{\"@type\":\"WebPage\",\"@id\":\"https:\\\/\\\/cathojoinville.fr\\\/adio52\\\/etat-des-fonds\\\/\",\"url\":\"https:\\\/\\\/cathojoinville.fr\\\/adio52\\\/etat-des-fonds\\\/\",\"name\":\"\u00e9tat des fonds - Archives dioc\u00e9saines\",\"isPartOf\":{\"@id\":\"https:\\\/\\\/cathojoinville.fr\\\/adio52\\\/#website\"},\"datePublished\":\"2018-02-09T13:34:47+00:00\",\"dateModified\":\"2018-02-09T13:37:20+00:00\",\"breadcrumb\":{\"@id\":\"https:\\\/\\\/cathojoinville.fr\\\/adio52\\\/etat-des-fonds\\\/#breadcrumb\"},\"inLanguage\":\"fr-FR\",\"potentialAction\":[{\"@type\":\"ReadAction\",\"target\":[\"https:\\\/\\\/cathojoinville.fr\\\/adio52\\\/etat-des-fonds\\\/\"]}]},{\"@type\":\"BreadcrumbList\",\"@id\":\"https:\\\/\\\/cathojoinville.fr\\\/adio52\\\/etat-des-fonds\\\/#breadcrumb\",\"itemListElement\":[{\"@type\":\"ListItem\",\"position\":1,\"name\":\"Accueil\",\"item\":\"https:\\\/\\\/cathojoinville.fr\\\/adio52\\\/\"},{\"@type\":\"ListItem\",\"position\":2,\"name\":\"\u00e9tat des fonds\"}]},{\"@type\":\"WebSite\",\"@id\":\"https:\\\/\\\/cathojoinville.fr\\\/adio52\\\/#website\",\"url\":\"https:\\\/\\\/cathojoinville.fr\\\/adio52\\\/\",\"name\":\"Archives dioc\u00e9saines\",\"description\":\"Dioc\u00e8se de Langres\",\"potentialAction\":[{\"@type\":\"SearchAction\",\"target\":{\"@type\":\"EntryPoint\",\"urlTemplate\":\"https:\\\/\\\/cathojoinville.fr\\\/adio52\\\/?s={search_term_string}\"},\"query-input\":{\"@type\":\"PropertyValueSpecification\",\"valueRequired\":true,\"valueName\":\"search_term_string\"}}],\"inLanguage\":\"fr-FR\"}]}<\/script>\n<!-- \/ Yoast SEO plugin. -->","yoast_head_json":{"title":"\u00e9tat des fonds - Archives dioc\u00e9saines","robots":{"index":"index","follow":"follow","max-snippet":"max-snippet:-1","max-image-preview":"max-image-preview:large","max-video-preview":"max-video-preview:-1"},"canonical":"https:\/\/cathojoinville.fr\/adio52\/etat-des-fonds\/","og_locale":"fr_FR","og_type":"article","og_title":"\u00e9tat des fonds - Archives dioc\u00e9saines","og_description":"Pr\u00e9sentation sommaire des fonds (en cours)","og_url":"https:\/\/cathojoinville.fr\/adio52\/etat-des-fonds\/","og_site_name":"Archives dioc\u00e9saines","article_modified_time":"2018-02-09T13:37:20+00:00","twitter_card":"summary_large_image","schema":{"@context":"https:\/\/schema.org","@graph":[{"@type":"WebPage","@id":"https:\/\/cathojoinville.fr\/adio52\/etat-des-fonds\/","url":"https:\/\/cathojoinville.fr\/adio52\/etat-des-fonds\/","name":"\u00e9tat des fonds - Archives dioc\u00e9saines","isPartOf":{"@id":"https:\/\/cathojoinville.fr\/adio52\/#website"},"datePublished":"2018-02-09T13:34:47+00:00","dateModified":"2018-02-09T13:37:20+00:00","breadcrumb":{"@id":"https:\/\/cathojoinville.fr\/adio52\/etat-des-fonds\/#breadcrumb"},"inLanguage":"fr-FR","potentialAction":[{"@type":"ReadAction","target":["https:\/\/cathojoinville.fr\/adio52\/etat-des-fonds\/"]}]},{"@type":"BreadcrumbList","@id":"https:\/\/cathojoinville.fr\/adio52\/etat-des-fonds\/#breadcrumb","itemListElement":[{"@type":"ListItem","position":1,"name":"Accueil","item":"https:\/\/cathojoinville.fr\/adio52\/"},{"@type":"ListItem","position":2,"name":"\u00e9tat des fonds"}]},{"@type":"WebSite","@id":"https:\/\/cathojoinville.fr\/adio52\/#website","url":"https:\/\/cathojoinville.fr\/adio52\/","name":"Archives dioc\u00e9saines","description":"Dioc\u00e8se de Langres","potentialAction":[{"@type":"SearchAction","target":{"@type":"EntryPoint","urlTemplate":"https:\/\/cathojoinville.fr\/adio52\/?s={search_term_string}"},"query-input":{"@type":"PropertyValueSpecification","valueRequired":true,"valueName":"search_term_string"}}],"inLanguage":"fr-FR"}]}},"_links":{"self":[{"href":"https:\/\/cathojoinville.fr\/adio52\/wp-json\/wp\/v2\/pages\/8","targetHints":{"allow":["GET"]}}],"collection":[{"href":"https:\/\/cathojoinville.fr\/adio52\/wp-json\/wp\/v2\/pages"}],"about":[{"href":"https:\/\/cathojoinville.fr\/adio52\/wp-json\/wp\/v2\/types\/page"}],"author":[{"embeddable":true,"href":"https:\/\/cathojoinville.fr\/adio52\/wp-json\/wp\/v2\/users\/2"}],"replies":[{"embeddable":true,"href":"https:\/\/cathojoinville.fr\/adio52\/wp-json\/wp\/v2\/comments?post=8"}],"version-history":[{"count":3,"href":"https:\/\/cathojoinville.fr\/adio52\/wp-json\/wp\/v2\/pages\/8\/revisions"}],"predecessor-version":[{"id":11,"href":"https:\/\/cathojoinville.fr\/adio52\/wp-json\/wp\/v2\/pages\/8\/revisions\/11"}],"wp:attachment":[{"href":"https:\/\/cathojoinville.fr\/adio52\/wp-json\/wp\/v2\/media?parent=8"}],"curies":[{"name":"wp","href":"https:\/\/api.w.org\/{rel}","templated":true}]}}